Suppose y = 3 + 1. Suppose 5*u + 4*p - 218 = 0, -3*p = y*u + p - 176. Calculate the highest common factor of 28 and u.
14
Suppose -323*f + 326*f - 63 = 0. Let n = 2 + 1. Suppose -n*g + 367 = -326. Calculate the highest common divisor of g and f.
21
Let f(n) = -n**2 + 68*n - 430. Let s be f(40). What is the greatest common factor of s and 184?
46
Suppose 5301 = 35*n - 1139. Calculate the highest common factor of 322 and n.
46
Suppose 2*s - 5*s + 6 = 0. Suppose -3*k - s*k = -90. Let v(n) = -n**3 - 90*n**2 - 263*n - 102. Let y be v(-87). What is the greatest common divisor of y and k?
18
Let l(v) = -v**3 + 8*v**2 + 7*v + 16. Let h(u) = -u + 2. Let y be h(-6). Let o be l(y). What is the highest common divisor of o and 16?
8
Let z(x) = -5*x**2 + 9. Let s(d) = -6*d**2 + d + 10. Let w(i) = 4*s(i) - 5*z(i). Let k be w(-10). Calculate the highest common factor of k and 5.
5
Suppose -2*a - 5*a + 1904 = 0. Calculate the highest common divisor of a and 16.
16
Let g = -17 + 28. Let t(j) = j**2 + 44. Suppose 0 = -3*x + 5*x. Let r be t(x). Calculate the highest common factor of g and r.
11
Let x be (-90)/(-20)*(-8)/(-3). Let a(o) = -118*o**2 - 2*o + 2. Let q be a(-3). Let b be x/36 - q/6. Calculate the greatest common divisor of 16 and b.
16
Suppose -2*p = 5*w - 0 - 60, 4*w = 3*p + 48. Let y = 135 - 127. What is the greatest common divisor of w and y?
4
Let k = 38 - 66. Let y be (k/10)/((-6)/300). Suppose r + 3*g - 33 = 0, 61 + y = 5*r + 3*g. What is the greatest common factor of r and 63?
21
Let k be 4/(-16) - 1/(-4). Let t(m) = 7*m + 3. Let j be t(k). What is the greatest common factor of 1 and j?
1
Suppose 3*j - 195 = -5*u, -28*u + 27*u + 3 = 0. Let o(v) = -v**2 + 6*v + 4. Let t be o(6). Suppose -i = t*i - 30. What is the greatest common factor of i and j?
6
Let b be (((-1)/(-1))/(-1))/((-1)/488). What is the greatest common divisor of b and 4?
4
Let i = -17 + -7. Let y be 26/117 + (-652)/18. Let f be y/i*1*24. What is the highest common divisor of f and 12?
12
Suppose -18*n + 21*n - 5*y - 242 = 0, 256 = 3*n + 2*y. Calculate the highest common factor of n and 714.
42
Suppose 0 = 3*v, -4*d = -2*v + 6 - 114. Let q be (28/8)/(-7)*-18. What is the highest common divisor of d and q?
9
Let d = 1775 + -1367. What is the greatest common divisor of 119 and d?
17
Let a = -539 - -564. Calculate the highest common divisor of 5725 and a.
25
Suppose 8*r = 3*r + 5*x - 20, -5*x = -2*r - 20. Suppose z + 2*z - 12 = r. Suppose -z*j - j = -75. Calculate the highest common factor of j and 60.
15
Let j be 3 + (29 + 2)*1. Let y = -6 - -64. Let c = y - j. Calculate the highest common factor of 12 and c.
12
Let i(q) = -2*q**3 - 5*q**2 + q - 5. Let m be i(-4). Let j(d) = -12*d**2 + 197*d - 54. Let l be j(16). Calculate the highest common divisor of l and m.
13
Let c be (1/4)/((-7)/(-28)). Let s be 15*c*(-25)/(-3). Calculate the greatest common divisor of s and 25.
25
Let h(o) = 3*o - 70. Let y be h(24). What is the greatest common factor of 10 and y?
2
Let y(z) = -z**3 - 22*z**2 + 4. Let w be y(-22). What is the greatest common factor of 8 and w?
4
Let a(b) = 1. Let d(z) = -z - 13. Let n(r) = a(r) - d(r). Let u be n(-11). Suppose -6*k + u*k = -36. What is the greatest common divisor of k and 24?
12
Let g(d) = d**3 - 2*d**2 - 22*d + 78. Let f be g(5). Calculate the highest common factor of 215 and f.
43
Let b(y) = -y**2 - 15*y + 6. Let f be b(-9). Let o(v) = v + 3. Let u be o(2). Let h be (-80)/(-12)*18/u. Calculate the greatest common divisor of h and f.
12
Let a(z) = -z**2 - 2*z - 4. Let m be a(0). Let q(l) = -l**3 - 2*l**2 + 4*l - 6. Let d be q(m). What is the highest common divisor of 5 and d?
5
Let y = 426 + -279. Suppose -2*g + g = -i + 17, i - 5 = 4*g. What is the highest common factor of i and y?
21
Let s = -98 - 56. Let k = -102 - s. Suppose -6*q = -10*q + 520. Calculate the greatest common divisor of q and k.
26
Suppose 45*i + 819 = 52*i. Calculate the highest common factor of 156 and i.
39
Suppose d + d = -f + 126, -2*d - 3*f = -122. Let g = -12 + d. Let a be (-4)/8*-1*g. What is the greatest common factor of 182 and a?
26
Let k(c) = -c + 4. Let f be k(3). Let d be (-3)/33*2 - (-870)/(-55). Let t = -9 - d. What is the greatest common factor of f and t?
1
Suppose -15*o = -2135 - 1690. What is the greatest common factor of o and 34?
17
Suppose 4*q + 16*h - 1400 = 13*h, -5*h + 1750 = 5*q. What is the greatest common factor of 42 and q?
14
Let m(c) = c**3 + 9*c**2 + c - 7. Let l = -134 + 129. Let t be m(l). What is the highest common divisor of t and 8?
8
Let l be ((-14)/(-4) - 2)/(21/532). Calculate the highest common divisor of l and 418.
38
Let i = 338 + -92. Let r = i + -134. Calculate the greatest common factor of r and 32.
16
Let r be (970/(-20))/(3/(-18)). What is the highest common divisor of 3 and r?
3
Suppose 5*h = a + 70, -4*h + 37 = -16*a + 19*a. Let g = 33 + -7. What is the highest common factor of h and g?
13
Suppose -18*c - 336 = -42*c. What is the highest common factor of 4 and c?
2
Let j(i) = i**3 - 9*i**2 + 9*i - 2. Let c be j(8). Let o be (-22)/(-1) + (5 - 9). Calculate the greatest common divisor of o and c.
6
Let x be (6/15)/(7/35). Let p be 4 - (-4 + -14*x). Calculate the greatest common factor of p and 324.
36
Suppose 4*d + 152 = -4*t, -4*d - 2*t + 5*t - 145 = 0. Let l = d - -56. Calculate the highest common factor of 171 and l.
19
Let n(w) = 4*w - 11. Let p be n(5). Suppose p*u - 8*u = 7. What is the highest common factor of 28 and u?
7
Suppose -28 + 124 = 4*l. Let b = -6 + l. What is the highest common divisor of b and 45?
9
Let u = 25 - 36. Let x(a) = -a. Let f(g) = -g**2 - 12*g + 4. Let j(i) = f(i) - x(i). Let s be j(u). What is the highest common divisor of 32 and s?
4
Suppose -12*u + 1470 - 282 = 0. What is the greatest common factor of u and 9?
9
Suppose 0 = -4*q - 5*b + 500, 3*q + 7*b = 3*b + 376. Calculate the greatest common factor of q and 75.
15
Suppose 41 = 3*a + 101*h - 97*h, 2*a = 2*h + 4. What is the greatest common factor of a and 1099?
7
Let j(y) = y**2 - 11*y + 89. Let q be j(18). Calculate the highest common divisor of 473 and q.
43
Suppose -4*t - 2*h + 54 = 0, 2*h = 5*t + 4*h - 68. What is the highest common factor of t and 35?
7
Let f(a) = -a**3 - 10*a**2 - a + 3. Let h be f(-10). Suppose -h*m - 119 = -14*m. Calculate the greatest common divisor of m and 7.
7
Suppose -13*l + 3606 + 1659 = 0. What is the highest common factor of l and 90?
45
Let f be (9/18)/((-141)/(-70) + -2). What is the greatest common divisor of 10 and f?
5
Suppose -2021 + 701 = 12*x. Let m be x/25 + 4 + (-124)/(-10). What is the greatest common factor of m and 18?
6
Suppose -40*r + 1006 - 206 = 0. What is the highest common factor of r and 250?
10
Suppose 2*t = -2*z + z + 22, -4*z = 5*t - 82. Calculate the highest common divisor of z and 342.
18
Let u(m) = -m**3 + 3*m**2 + m - 4. Let c be u(3). Let z(t) = -48*t**3 + 2*t**2 + 2*t + 1. Let l be z(c). Calculate the greatest common divisor of l and 7.
7
Let n = 107 + 19. Calculate the highest common divisor of n and 63.
63
Let k = 7 + -2. Suppose -k*w - 695 = -2345. What is the greatest common factor of w and 30?
30
Suppose -2*f = -0*f - 80. Let d be (-9)/((-45)/f) - 2. Calculate the greatest common factor of d and 2.
2
Suppose -393 = 3*o + 4*q, -2*o = 3*o - 5*q + 690. Let x = o + 297. What is the highest common divisor of 54 and x?
54
Let v be 8 - 30*(-20)/6. Calculate the greatest common factor of v and 1242.
54
Suppose 5*u - 5*f - 55 = 0, -3*u = 5*f + 11 - 4. Let t be (9*28/(-21))/(8/(-4)). What is the highest common divisor of u and t?
6
Suppose 0 = -3*p - 3*j, -j - j = -p - 9. Let h be (-6)/4*28/p. Calculate the highest common factor of 98 and h.
14
Suppose -3*u - 116 = -7*u - 2*r, 0 = -u + 4*r + 29. Let c be -70*7/((-105)/174). Suppose d = -3*d + c. Calculate the greatest common factor of d and u.
29
Let g = -179 - -197. What is the greatest common divisor of g and 522?
18
Let w(t) = 10*t - 6. Let a be w(1). Let p be (6 - 1) + 4 - a. Let f be 50/(-3)*12/(-10). Calculate the greatest common factor of p and f.
5
Let x be -6*(98/12)/(-7). Calculate the greatest common divisor of x and 14.
7
Suppose -5*c - 15 = 0, -16*x = -15*x - 4*c - 18. Let w = 23 + -2. Calculate the highest common factor of x and w.
3
L